ctor of 215 and 20?
5
What is the highest common factor of 1254 and 551?
19
Calculate the greatest common factor of 21 and 392.
7
What is the highest common divisor of 90 and 870?
30
What is the greatest common factor of 96 and 192?
96
What is the greatest common factor of 88 and 24?
8
Calculate the greatest common divisor of 792 and 288.
72
What is the greatest common factor of 97 and 3977?
97
Calculate the greatest common factor of 2 and 1674.
2
What is the greatest common divisor of 2988 and 432?
36
Calculate the greatest common factor of 520 and 560.
40
What is the greatest common divisor of 9296 and 448?
112
What is the highest common factor of 48 and 816?
48
Calculate the highest common divisor of 685 and 15.
5
Calculate the greatest common factor of 100 and 1940.
20
Calculate the highest common divisor of 10 and 245.
5
What is the greatest common factor of 238 and 28?
14
What is the highest common divisor of 36 and 7500?
12
What is the highest common divisor of 39 and 297?
3
Calculate the highest common divisor of 52 and 6773.
13
What is the greatest common factor of 81 and 3321?
81
Calculate the greatest common divisor of 14178 and 139.
139
Calculate the highest common factor of 12 and 57.
3
Calculate the greatest common divisor of 1863 and 46.
23
Calculate the greatest common divisor of 748 and 68.
68
Calculate the greatest common divisor of 226 and 2599.
113
What is the greatest common divisor of 15210 and 180?
90
Calculate the highest common factor of 42 and 70.
14
What is the highest common factor of 264 and 28248?
264
What is the greatest common factor of 120 and 320?
40
Calculate the greatest common factor of 9 and 711.
9
What is the greatest common factor of 46 and 253?
23
What is the greatest common factor of 525 and 21?
21
What is the highest common factor of 24 and 1624?
8
Calculate the highest common factor of 5476 and 4.
4
What is the greatest common divisor of 102 and 7701?
51
What is the highest common divisor of 1394 and 2255?
41
Calculate the highest common factor of 7 and 8.
1
Calculate the highest common divisor of 2475 and 325.
25
What is the greatest common divisor of 132 and 319?
11
Calculate the highest common factor of 108 and 180.
36
Calculate the greatest common factor of 30513 and 21.
21
Calculate the highest common divisor of 294 and 399.
21
Calculate the greatest common divisor of 216 and 189.
27
What is the highest common factor of 31 and 589?
31
Calculate the highest common divisor of 88662 and 21.
21
Calculate the highest common divisor of 52 and 6500.
52
What is the greatest common factor of 261 and 3973?
29
Calculate the greatest common factor of 585 and 320.
5
Calculate the highest common factor of 256 and 8.
8
What is the highest common divisor of 104 and 793?
13
Calculate the greatest common factor of 1258 and 34.
34
What is the highest common divisor of 755 and 6644?
151
What is the highest common factor of 48457 and 47?
47
What is the highest common divisor of 272 and 204?
68
Calculate the greatest common factor of 5565 and 210.
105
Calculate the highest common divisor of 18 and 2.
2
What is the greatest common divisor of 230 and 92?
46
Calculate the greatest common factor of 26 and 2106.
26
What is the highest common factor of 164 and 1066?
82
What is the highest common divisor of 48 and 630?
6
What is the highest common factor of 8143 and 34?
17
What is the greatest common divisor of 6 and 33?
3
Calculate the highest common divisor of 140 and 9940.
140
Calculate the greatest common divisor of 17 and 2159.
17
What is the highest common factor of 154 and 14?
14
What is the highest common divisor of 16402 and 236?
118
Calculate the greatest common factor of 71 and 2911.
71
What is the greatest common divisor of 155 and 124?
31
Calculate the highest common factor of 56 and 48.
8
What is the highest common factor of 45 and 705?
15
What is the greatest common divisor of 6 and 69?
3
Calculate the greatest common factor of 164 and 8938.
82
Calculate the greatest common divisor of 850 and 50.
50
What is the highest common factor of 1729 and 91?
91
Calculate the highest common divisor of 228 and 108.
12
What is the highest common factor of 64 and 328?
8
What is the highest common factor of 10 and 185?
5
What is the greatest common divisor of 1479 and 261?
87
What is the greatest common factor of 20 and 116?
4
Calculate the greatest common divisor of 42 and 12.
6
What is the greatest common factor of 364 and 156?
52
Calculate the greatest common factor of 357 and 84.
21
Calculate the greatest common divisor of 423 and 47.
47
Calculate the greatest common divisor of 8 and 8.
8
What is the greatest common divisor of 6 and 7146?
6
Calculate the highest common divisor of 290 and 110.
10
What is the greatest common divisor of 57 and 456?
57
What is the highest common factor of 29 and 29?
29
What is the greatest common factor of 486 and 216?
54
What is the highest common divisor of 24 and 252?
12
What is the greatest common divisor of 100 and 50?
50
What is the greatest common divisor of 11 and 132?
11
What is the highest common divisor of 11 and 1793?
11
What is the highest common divisor of 1422 and 1106?
158
Calculate the greatest common divisor of 399 and 21.
21
Calculate the highest common factor of 380 and 20.
20
Calculate the greatest common divisor of 161 and 14.
7
What is the greatest common divisor of 5293 and 158?
79
Calculate the greatest common factor of 1376 and 128.
32
What is the highest common divisor of 48 and 1416?
24
What is the highest common factor of 700 and 49?
7
What is the highest common divisor of 27 and 144?
9
Calculate the highest common divisor of 16 and 480.
16
What is the highest common factor of 27920 and 48?
16
Calculate the greatest common divisor of 80 and 90.
10
What is the highest common factor of 516 and 11180?
172
Calculate the highest common divisor of 16 and 2.
2
Calculate the highest common factor of 9 and 363.
3
What is the highest common factor of 9 and 1161?
9
Calculate the highest common factor of 2656 and 32.
32
What is the highest common divisor of 435 and 203?
29
What is the greatest common factor of 1225 and 16905?
245
Calculate the greatest common factor of 27 and 351.
27
What is the greatest common factor of 1040 and 13?
13
Calculate the greatest common divisor of 60 and 40.
20
Calculate the highest common factor of 4 and 92.
4
Calculate the greatest common divisor of 365 and 295.
5
Calculate the greatest common factor of 2547 and 45.
9
What is the highest common divisor of 216 and 32?
8
Calculate the greatest common divisor of 61661 and 313.
313
What is the highest common factor of 144 and 96?
48
What is the highest common factor of 2373 and 420?
21
What is the highest common factor of 4 and 124?
4
What is the highest common factor of 29 and 2929?
29
What is the highest common factor of 23 and 943?
23
Calculate the greatest common divisor of 8811 and 99.
99
What is the highest common divisor of 4473 and 84?
21
Calculate the greatest common factor of 165 and 33.
33
What is the highest common divisor of 80370 and 47?
47
What is the highest common divisor of 98 and 182?
14
Calculate the highest common divisor of 267 and 57672.
267
Calculate the highest common divisor of 17352 and 144.
72
What is the highest common factor of 72 and 1215?
9
Calculate the greatest common divisor of 1534 and 52.
26
Calculate the greatest common factor of 5974 and 309.
103
Calculate the greatest common divisor of 93 and 3.
3
What is the highest common factor of 830 and 1494?
166
What is the highest common factor of 18 and 36?
18
What is the greatest common divisor of 14 and 1211?
7
Calculate the greatest common factor of 150 and 50.
50
Calculate the greatest common factor of 134 and 2.
2
Calculate the greatest common divisor of 2592 and 32.
32
Calculate the highest common divisor of 33 and 3333.
33
Calculate the highest common factor of 25 and 575.
25
What is the greatest common factor of 370 and 592?
74
What is the highest common factor of 169 and 91?
13
What is the highest common divisor of 12 and 280?
4
Calculate the greatest common divisor of 133 and 228.
19
What is the highest common factor of 100 and 1180?
20
What is the greatest common divisor of 240 and 2040?
120
What is 